Let n be 1*((-8)/(-4) + 1). Suppose n = 3*x - 9. What is the units digit of x?
4
Suppose -21 - 9 = -5*r. What is the units digit of r?
6
Let r = -2 + 5. Let u be -2 - (r + (-2 - 41)). What is the units digit of (-10)/5*u/(-4)?
9
Let b(w) = w - 4. Let h be b(4). Suppose 4*t - 2*t - 6 = h. What is the units digit of t?
3
Let u = -3 + 5. Suppose 0 = 4*m - u + 6. What is the units digit of 5/(-3*m/3)?
5
Let g(a) = 11*a**2 - 27*a + 20. Let q(f) = -4*f**2 + 9*f - 7. Let p(s) = -3*g(s) - 8*q(s). What is the tens digit of p(7)?
1
Let v be 70/22 + 22/(-121). What is the tens digit of 7 + 0 + 0 + v?
1
Let k = 100 - 54. What is the units digit of k?
6
What is the units digit of 3 - (-4 + 2076/(-6))?
3
Let f(u) = -u**2 - 8*u - 7. Let o be f(-7). Suppose w + w - 84 = o. What is the tens digit of w?
4
Let k be 19 + (-3)/(6/2). Let z be 15/(-2)*(-12)/k. Suppose -s - 4*s = -z. What is the units digit of s?
1
Let q(t) be the third derivative of -t**6/360 + 3*t**5/40 - t**4/8 - t**3/6 + 3*t**2. Let u(f) be the first derivative of q(f). What is the tens digit of u(4)?
1
Let x(b) = -b**2 - 9*b + 4. Let j be x(-9). Suppose 6 = j*p - 6. Suppose -2*h + p = h. What is the units digit of h?
1
Let j = 6 - 3. Suppose -j*c = -c. What is the units digit of (26 + 2)/(2 + c)?
4
Let k(n) = 31*n**3 + n - 1. Let o be k(1). Suppose -o + 119 = 2*v. What is the units digit of v?
4
Suppose -4*t = -7 - 5. Suppose -t*y = -4*y + 3*u + 9, 4*y = -4*u + 4. What is the units digit of y?
3
Suppose 0*h = 3*h - 9. Suppose -1 + 13 = h*y. What is the tens digit of y/(-12)*(-78)/2?
1
Suppose 0 = -6*g + 10*g - 8. Suppose -4*m - g = -6, 79 = 3*s - 5*m. What is the tens digit of s?
2
Let j = 535 + -300. What is the hundreds digit of j?
2
Suppose 5 = -w + 1. Let f be 0 + -10 + 0 + 1. Let k = w - f. What is the units digit of k?
5
Let a be 0*(-1 + 0)*1. Suppose -6 = -3*q - a. What is the units digit of q?
2
What is the units digit of (-2)/(((-3)/5)/3)?
0
Suppose -4*v - o + 11 + 175 = 0, -3*v = 4*o - 133. Suppose 0 = 5*p - v - 8. What is the units digit of p?
1
Suppose -2*k + 3*l = -4*k + 54, -2*k = -4*l - 40. What is the units digit of (2/(-4))/((-1)/k)?
2
Let h be 5/2*(-18)/(-5). Suppose -3*t - h = 0, 0*q - 2*t = q. What is the units digit of q?
6
Suppose 0*c = 5*r - 2*c - 151, -2*r - 3*c = -68. What is the tens digit of r?
3
Suppose -54*h + 55*h - 133 = 0. What is the hundreds digit of h?
1
Let k = -15 + 29. Let r = k + -5. What is the units digit of r?
9
Suppose 3*z - 7*z = -12. What is the units digit of z?
3
Let m(d) = -d**3 + 4*d**2 + 6. Let x be m(4). What is the tens digit of 2*x*(-18)/(-8)?
2
Let s(z) = -z**3 - 2*z**2 + 2. Suppose 2*u - 3*u + 2*f - 7 = 0, -5*f = -u - 13. Let r be s(u). Suppose -3*a + 4*a - r = 0. What is the tens digit of a?
1
Suppose 0 = -0*c + 3*c - 585. What is the tens digit of c?
9
Suppose -6*r + 35 = -19. What is the units digit of r?
9
Let w(m) be the second derivative of 5*m**3/6 + 4*m**2 - 6*m. What is the tens digit of w(3)?
2
Suppose k = -3*h - 2, -2 = -0*h - 5*h + k. Suppose h = f - 6*f + 60. What is the tens digit of f?
1
What is the tens digit of (-2)/(-14) - (1 + 18956/(-49))?
8
Suppose 0 = -4*w + 2*c + 182, w + 3*c + c = 23. What is the tens digit of w?
4
Let m = 3 - -3. Suppose 2*i - 126 = c, c = -3*c + 8. Suppose 0 = -2*g + m*g - i. What is the units digit of g?
6
Let j(v) be the first derivative of -v**4/4 - 8*v**3/3 - 4*v**2 - 5*v - 1. Let k be j(-7). What is the units digit of k/(1/6*4)?
3
Suppose -98 = z - 2*z. What is the units digit of z?
8
Let n be (24/(-28))/(1/7). What is the units digit of (-6)/(-4)*(-28)/n?
7
Suppose 8*z + z = 468. What is the tens digit of z?
5
What is the units digit of (-15)/(-10)*160*(-2)/(-3)?
0
Let x(f) be the first derivative of -f**3/3 - 2*f**2 + 7*f - 2. Let a be -1*6 - (1 - 2). What is the units digit of x(a)?
2
What is the tens digit of 124 - -1 - 1*-3?
2
Suppose 0 = -4*m + 4 + 28. Suppose 4*i = 4*y - 180, 2*i = -5*y - m + 268. What is the units digit of y?
0
What is the units digit of (-24)/8 - (-14)/2?
4
Suppose 5*k - 6*z = -3*z + 186, -2*k + 5*z = -82. What is the units digit of k?
6
Let z = -49 - -155. What is the units digit of z?
6
Let i(u) = 5*u**3 - 3*u**2 - 4*u + 1. Let r be (10/(-8) + 2)*-8. Let h(j) = j**3 - j**2 - j. Let n(g) = r*h(g) + i(g). What is the units digit of n(3)?
7
Let i = 108 + 2. What is the hundreds digit of i?
1
Let f = 4 + -3. Let o be ((-5)/(-10))/(f/96). Let t = o - 29. What is the units digit of t?
9
Let v(p) = p**2 - p. Suppose 5*j = -15, 2*g = 4*g - 4*j - 20. Suppose 0*m = -3*m - 4*s + 1, -2*m - 6 = -g*s. What is the units digit of v(m)?
2
What is the units digit of (-822)/(-16) - (-3)/(-8)?
1
Suppose -m - 9 + 28 = 0. Suppose 4*o - m = -b, -2*o = -o - 3*b + 5. Suppose -v + 31 = 2*v + o*h, 3*v - 4*h + 1 = 0. What is the units digit of v?
5
Suppose -76 = -c + 4*t - 19, 5*c + t - 327 = 0. What is the tens digit of c?
6
Let n be 4/10 + 8/(-20). Let l = n - 5. What is the units digit of 62/5 - (-2)/l?
2
Let g(j) = -j**3 - j**2 - j. Let s be g(0). Let c = 9 + s. Suppose -2*t - 49 - c = -3*m, -m - 4 = 4*t. What is the units digit of m?
6
Suppose -3*i = -g - 6*i - 2, 3*g - 5*i = 22. Suppose 4*l = 5*l + g*z, 52 = 4*l + 3*z. What is the tens digit of l?
1
Suppose -5*c + 23 + 42 = 0. What is the units digit of c?
3
Let b = 12 + -1. What is the tens digit of b?
1
Suppose -5*g = -78 - 272. What is the tens digit of g?
7
Suppose 3*f + 25 = 8*f. Let m be (4 + 1)*16/f. Suppose 0 = d + 3*d - m. What is the units digit of d?
4
Suppose 12*n - 12 = 9*n. Suppose n*a - 173 = -3*c - 23, 3*a - 50 = -c. What is the units digit of c?
0
Let x be (-1)/1 - 0 - (-100)/20. Let t be ((-6)/(-8))/((-2)/(-8)). Let c = x - t. What is the units digit of c?
1
Let h be (0 - 1)*(1 - 0). Let l(o) = 2*o**2 - 3*o - 4. Let c(r) = -r**2 + r + 1. Let w(u) = -3*c(u) - l(u). What is the units digit of w(h)?
2
Let q = 0 - -4. Let v = q + -1. Suppose -5 = -v*o - 2*o. What is the units digit of o?
1
Suppose -5*l = -50 - 45. What is the units digit of l?
9
Let v(i) be the third derivative of i**5/120 + 7*i**4/24 + i**3/6 - 2*i**2. Let k(q) be the first derivative of v(q). What is the units digit of k(-6)?
1
Suppose 12 = 4*u, s - 4*u - 2 = 13. What is the units digit of s?
7
Let i = -4 - -6. Let v be (10/(-4) + i)*-12. What is the units digit of v/10 - 2/(-5)?
1
Let c(t) be the first derivative of -t**4/4 + 8*t**3/3 - 3*t**2 + 7*t + 7. What is the tens digit of c(7)?
1
Suppose 4*z - 4 = a, 22 + 24 = 5*a + 2*z. What is the units digit of a?
8
Suppose -3*i + 32 = w, -4*w - w + i + 96 = 0. What is the tens digit of w?
2
Let u = 2 + -4. Let y = u + 4. Suppose -8 - 2 = -y*a. What is the units digit of a?
5
Let k be 0/1 - 4/(-2). Let z = 5 - k. Let r(m) = m**3 - m**2 - 4*m - 1. What is the units digit of r(z)?
5
Suppose 3*k = -k. Suppose 0 = 3*r + 5*o + 8, o + 24 = -2*r + 7*r. Suppose -r*g = -k*g - 32. What is the units digit of g?
8
Let v(i) = -4*i + 27. What is the units digit of v(-6)?
1
What is the hundreds digit of (-1830)/(-12) - (-6)/(-4)?
1
Let d = -109 + 154. What is the tens digit of d?
4
Suppose 0 = -5*v - 0*v + 150. Let y = 7 - v. Let d = y + 32. What is the units digit of d?
9
Suppose -184 = -6*c + 80. What is the units digit of c?
4
Let s(k) = 2*k**3 - 10*k**2 + 4*k - 9. Let o(a) = a**3 - 5*a**2 + 2*a - 5. Let t(w) = -7*o(w) + 4*s(w). What is the units digit of t(5)?
9
Let t = -59 + 124. Suppose -3*s = 2*s - t. Let p = s - 6. What is the units digit of p?
7
Suppose 8 = 2*w - 5*w + 4*t, -9 = -w - t. Suppose 0*z = -2*z - 2*p + w, -3*p = z + 8. What is the units digit of z?
7
Let y(c) be the third derivative of -c**4/24 + 2*c**3/3 + c**2. What is the units digit of y(0)?
4
Let k(g) = g**2 + 3*g - 1. Let v be k(-5). Let m(f) = f**3 - 9*f**2 - f + 6. Let z be m(v). What is the units digit of 4/(-6) + (-17)/z?
5
Let j(l) = 4*l + 0*l**3 - l**3 - 6*l**2 - 3 + 0*l**3 - 6*l. What is the units digit of j(-6)?
9
Let a(c) = 3*c**2 + 2*c - 7. Let y be a(-4). Suppose f - 8 - y = 0. What is the units digit of f?
1
Suppose 688 = 12*v - 824. What is the hundreds digit of v?
1
Suppose -5*w + 19 = -1. Suppose -c = -2*h - 2*c + 102, 2*h = w*c + 92. What is the tens digit of h?
5
Let t(r) = -r**2 + 4*r + 7. Let v be t(6). What is the units digi